the units digit of 1472900608?
8
What is the hundreds digit of 32417942?
9
What is the millions digit of 203089560?
3
What is the tens digit of 53350216?
1
What is the billions digit of 1195356005?
1
What is the units digit of 3422510419?
9
What is the hundred millions digit of 2950113566?
9
What is the hundreds digit of 2552318273?
2
What is the tens digit of 922493298?
9
What is the hundreds digit of 953461340?
3
What is the ten millions digit of 58911787?
5
What is the ten thousands digit of 138447534?
4
What is the tens digit of 945219932?
3
What is the thousands digit of 468629111?
9
What is the hundred thousands digit of 27449446?
4
What is the ten millions digit of 2903160667?
0
What is the units digit of 583555001?
1
What is the hundreds digit of 36938771?
7
What is the units digit of 35732780?
0
What is the tens digit of 5182529?
2
What is the ten millions digit of 1614876861?
1
What is the ten millions digit of 310011741?
1
What is the units digit of 43083655?
5
What is the thousands digit of 97986455?
6
What is the hundred thousands digit of 53996046?
9
What is the units digit of 811844928?
8
What is the units digit of 41468011?
1
What is the units digit of 155426953?
3
What is the ten millions digit of 2949290949?
4
What is the millions digit of 64578291?
4
What is the ten thousands digit of 31562897?
6
What is the billions digit of 4526430124?
4
What is the ten millions digit of 819606208?
1
What is the hundred thousands digit of 212424186?
4
What is the units digit of 39351644?
4
What is the millions digit of 380125496?
0
What is the thousands digit of 3169973155?
3
What is the tens digit of 87947276?
7
What is the hundreds digit of 298620656?
6
What is the hundreds digit of 63901736?
7
What is the ten millions digit of 1438826592?
3
What is the thousands digit of 515410419?
0
What is the ten millions digit of 211135569?
1
What is the units digit of 1006701174?
4
What is the units digit of 5608530902?
2
What is the hundreds digit of 50307519?
5
What is the ten thousands digit of 605715896?
1
What is the hundred thousands digit of 83416524?
4
What is the ten thousands digit of 150952337?
5
What is the ten millions digit of 859789952?
5
What is the hundred thousands digit of 17579735?
5
What is the tens digit of 167908601?
0
What is the ten thousands digit of 29266285?
6
What is the units digit of 100079671?
1
What is the hundred thousands digit of 54338485?
3
What is the tens digit of 5885127883?
8
What is the ten thousands digit of 5475418947?
1
What is the hundred millions digit of 2834922869?
8
What is the hundred thousands digit of 418965153?
9
What is the ten thousands digit of 614565135?
6
What is the millions digit of 20404005?
0
What is the millions digit of 10893250?
0
What is the millions digit of 1529556720?
9
What is the hundred thousands digit of 345063876?
0
What is the units digit of 3797619514?
4
What is the tens digit of 173255679?
7
What is the tens digit of 3152781?
8
What is the units digit of 1119630949?
9
What is the hundred thousands digit of 495987?
4
What is the tens digit of 596468874?
7
What is the millions digit of 31300824?
1
What is the millions digit of 4799709470?
9
What is the millions digit of 842272221?
2
What is the ten millions digit of 86410390?
8
What is the tens digit of 16220080?
8
What is the billions digit of 4875434122?
4
What is the billions digit of 4719396613?
4
What is the hundreds digit of 21261819?
8
What is the units digit of 896952?
2
What is the hundreds digit of 72114380?
3
What is the tens digit of 106588568?
6
What is the thousands digit of 188958992?
8
What is the hundreds digit of 59547897?
8
What is the tens digit of 2798821280?
8
What is the ten thousands digit of 50530864?
3
What is the ten millions digit of 10089651?
1
What is the hundred millions digit of 5534351317?
5
What is the hundred thousands digit of 2667074?
6
What is the tens digit of 234041160?
6
What is the units digit of 293248043?
3
What is the hundred millions digit of 1845951772?
8
What is the ten thousands digit of 35826882?
2
What is the units digit of 259117807?
7
What is the hundred millions digit of 1200539454?
2
What is the tens digit of 4513289768?
6
What is the thousands digit of 74103956?
3
What is the ten thousands digit of 33807615?
0
What is the hundreds digit of 301712865?
8
What is the hundred millions digit of 1878023793?
8
What is the ten thousands digit of 25348955?
4
What is the tens digit of 106694629?
2
What is the hundreds digit of 2968455798?
7
What is the thousands digit of 89345057?
5
What is the units digit of 268018962?
2
What is the millions digit of 69026343?
9
What is the tens digit of 476499382?
8
What is the millions digit of 21746900?
1
What is the hundred millions digit of 1048152869?
0
What is the units digit of 67028372?
2
What is the billions digit of 5187168859?
5
What is the ten thousands digit of 428261949?
6
What is the tens digit of 4864714821?
2
What is the hundred thousands digit of 34806370?
8
What is the tens digit of 136184879?
7
What is the units digit of 3520459762?
2
What is the ten millions digit of 38233491?
3
What is the ten millions digit of 154855707?
5
What is the units digit of 246466?
6
What is the hundreds digit of 79211249?
2
What is the thousands digit of 999057095?
7
What is the ten thousands digit of 17223609?
2
What is the ten millions digit of 2521010038?
2
What is the hundred thousands digit of 3123811947?
8
What is the ten thousands digit of 23542065?
4
What is the ten thousands digit of 995749067?
4
What is the hundred millions digit of 167889807?
1
What is the hundreds digit of 2239279?
2
What is the units digit of 820390117?
7
What is the hundred millions digit of 1055138302?
0
What is the ten millions digit of 1700562691?
0
What is the ten millions digit of 2536151921?
3
What is the ten thousands digit of 103019114?
1
What is the hundred millions digit of 1133274334?
1
What is the millions digit of 973938664?
3
What is the millions digit of 219415476?
9
What is the ten millions digit of 231873290?
3
What is the hundred millions digit of 299302463?
2
What is the ten millions digit of 605701402?
0
What is the millions digit of 126390533?
6
What is the ten millions digit of 48608818?
4
What is the hundred thousands digit of 278077886?
0
What is the hundreds digit of 240391224?
2
What is the millions digit of 3197333523?
7
What is the ten thousands digit of 50271574?
7
What is the hundred thousands digit of 59878611?
8
What is the units digit of 640290938?
8
What is the ten thousands digit of 112438446?
3
What is the units digit of 2264915889?
9
What is the hundred thousands digit of 206565329?
5
What is the thousands digit of 2270263947?
3
What is the ten thousands digit of 301120136?
2
What is the ten thousands digit of 218586511?
8
What is the ten thousands digit of 42747273?
4
What is the hundreds digit of 496238669?
6
What is the hundred thousands digit of 3423603883?
6
What is the tens digit of 384424318?
1
What is the hundred thousands digit of 1016644453?
6
What is the tens digit of 271068625?
2
What is the ten millions digit of 64005730?
6
What is the hundred millions digit of 142047830?
1
What is the hundreds digit of 1516229548?
5
What is the hundred thousands digit of 550897972?
8
What is the ten thousands digit of 83829851?
2
What is the ten thousands digit of 60779896?
7
What is the hundred millions digit of 472863309?
4
What is the billions digit of 7099566542?
7
What is the thousands digit of 153510874?
0
What is the ten thousands digit of 45441441?
4
What is the millions digit of 346609550?
6
What is the hundred millions digit of 1064912981?
0
What is the hundreds digit of 444328483?
4
What is the billions digit of 4287454740?
4
What is the hundred thousands digit of 2230741213?
7
What is the units digit of 517439014?
4
What is the ten thousands digit of 478195462?
9
What is the units digit of 367117268?
8
What is the thousands digit of 108780338?
0
What is the units digit of 102423446?
6
What is the hundreds digit of 459700950?
9
What is the tens digit of 59796082?
8
What is the hundred thousands digit of 1294575905?
5
What is the units digit of 1143947243?
3
What is the ten millions digit of 440174798?
4
What is the